0.
19
Calculate the remainder when 13618287 is divided by 38.
37
What is the remainder when 1438225 is divided by 110632?
9
Calculate the remainder when 1848174 is divided by 2305.
1869
What is the remainder when 10254 is divided by 357?
258
Calculate the remainder when 2563216 is divided by 42.
40
What is the remainder when 33073 is divided by 943?
68
Calculate the remainder when 132081 is divided by 1118.
157
Calculate the remainder when 5353256 is divided by 14162.
20
Calculate the remainder when 374157 is divided by 1264.
13
Calculate the remainder when 225180 is divided by 67.
60
Calculate the remainder when 4162354 is divided by 22497.
409
Calculate the remainder when 9263921 is divided by 522.
509
What is the remainder when 432518 is divided by 2209?
1763
What is the remainder when 3763049 is divided by 20?
9
Calculate the remainder when 601838 is divided by 1206.
44
Calculate the remainder when 75495 is divided by 705.
60
What is the remainder when 19169 is divided by 4924?
4397
What is the remainder when 3018470 is divided by 3?
2
Calculate the remainder when 138478 is divided by 3219.
61
What is the remainder when 2660047 is divided by 248?
247
What is the remainder when 12446552 is divided by 172?
116
What is the remainder when 33081 is divided by 2962?
499
What is the remainder when 19887812 is divided by 2071?
2070
What is the remainder when 614563 is divided by 99?
70
What is the remainder when 783449 is divided by 3277?
246
Calculate the remainder when 530062 is divided by 1043.
218
Calculate the remainder when 184962918 is divided by 129.
9
Calculate the remainder when 419971 is divided by 46662.
13
What is the remainder when 250942 is divided by 160?
62
Calculate the remainder when 3621828 is divided by 3228.
12
What is the remainder when 11429 is divided by 594?
143
Calculate the remainder when 1504671 is divided by 24.
15
Calculate the remainder when 12042111 is divided by 98.
67
What is the remainder when 525325 is divided by 131326?
21
Calculate the remainder when 221916 is divided by 507.
357
What is the remainder when 15821591 is divided by 1054?
1051
What is the remainder when 936280 is divided by 4634?
212
What is the remainder when 290129 is divided by 20643?
1127
What is the remainder when 76311932 is divided by 3408?
3404
What is the remainder when 4567421 is divided by 3753?
20
Calculate the remainder when 687715 is divided by 165.
160
Calculate the remainder when 8614254 is divided by 506719.
31
Calculate the remainder when 116848293 is divided by 48.
21
Calculate the remainder when 293526 is divided by 1778.
156
What is the remainder when 56390361 is divided by 837?
834
What is the remainder when 3235392 is divided by 71?
64
Calculate the remainder when 124715 is divided by 329.
24
Calculate the remainder when 728023 is divided by 72800.
23
What is the remainder when 841777 is divided by 420878?
21
Calculate the remainder when 9236554 is divided by 7.
5
Calculate the remainder when 527838 is divided by 5998.
14
Calculate the remainder when 11801 is divided by 612.
173
What is the remainder when 45452 is divided by 1511?
122
What is the remainder when 777221 is divided by 2878?
161
Calculate the remainder when 54566 is divided by 8705.
2336
What is the remainder when 108672625 is divided by 116?
113
What is the remainder when 341126 is divided by 1421?
86
What is the remainder when 762145 is divided by 3086?
2989
Calculate the remainder when 2781649 is divided by 6127.
6118
Calculate the remainder when 16568571 is divided by 8.
3
What is the remainder when 97092 is divided by 379?
68
Calculate the remainder when 38767 is divided by 3230.
7
Calculate the remainder when 69935440 is divided by 2210.
2200
Calculate the remainder when 86152 is divided by 3002.
2096
What is the remainder when 631345 is divided by 2745?
2740
What is the remainder when 237287 is divided by 737?
710
Calculate the remainder when 496469677 is divided by 40.
37
Calculate the remainder when 1518595 is divided by 146.
49
What is the remainder when 11322253 is divided by 45?
28
What is the remainder when 1409457 is divided by 352342?
89
Calculate the remainder when 42545 is divided by 1248.
113
Calculate the remainder when 8012884 is divided by 33.
22
Calculate the remainder when 49296 is divided by 6987.
387
Calculate the remainder when 2227721 is divided by 9321.
2
What is the remainder when 44600750 is divided by 38?
36
Calculate the remainder when 1579467 is divided by 315890.
17
Calculate the remainder when 37162 is divided by 8300.
3962
Calculate the remainder when 3606824 is divided by 7086.
50
Calculate the remainder when 88647 is divided by 29431.
354
What is the remainder when 87754 is divided by 87730?
24
Calculate the remainder when 411513050 is divided by 328.
314
What is the remainder when 9027652 is divided by 250768?
4
Calculate the remainder when 441593 is divided by 27.
8
Calculate the remainder when 63030 is divided by 394.
384
What is the remainder when 13837050 is divided by 14689?
12
What is the remainder when 1612433 is divided by 8831?
5191
Calculate the remainder when 12328 is divided by 10815.
1513
What is the remainder when 41846753 is divided by 13948917?
2
What is the remainder when 50192532 is divided by 34?
32
What is the remainder when 243694 is divided by 40611?
28
Calculate the remainder when 33646664 is divided by 53.
38
Calculate the remainder when 9805293 is divided by 30.
3
Calculate the remainder when 3503463 is divided by 39363.
156
What is the remainder when 66881 is divided by 4777?
3
What is the remainder when 308242 is divided by 102715?
97
What is the remainder when 349241 is divided by 86354?
3825
What is the remainder when 253438 is divided by 12048?
430
What is the remainder when 1660955 is divided by 633?
596
What is the remainder when 692101 is divided by 346035?
31
Calculate the remainder when 22881206 is divided by 162278.
8
Calculate the remainder when 914244 is divided by 426.
48
Calculate the remainder when 960070 is divided by 480027.
16
Calculate the remainder when 24015545 is divided by 111.
29
What is the remainder when 614 is divided by 597?
17
Calculate the remainder when 25082873 is divided by 284.
277
What is the remainder when 27081094 is divided by 487?
485
What is the remainder when 8753847 is divided by 71?
44
Calculate the remainder when 2171320 is divided by 1469.
138
What is the remainder when 11886253 is divided by 452?
9
What is the remainder when 30097 is divided by 9890?
427
Calculate the remainder when 804083 is divided by 3476.
1127
Calculate the remainder when 730188 is divided by 365082.
24
Calculate the remainder when 2430736 is divided by 9962.
8
What is the remainder when 4609612 is divided by 32?
12
What is the remainder when 9624060 is divided by 4811952?
156
What is the remainder when 953314 is divided by 476644?
26
What is the remainder when 17174762 is divided by 1516?
1514
What is the remainder when 7758608 is divided by 2930?
2898
Calculate the remainder when 72145637 is divided by 55073.
7
Calculate the remainder when 142728964 is divided by 78943.
20
Calculate the remainder when 21784933 is divided by 486.
469
What is the remainder when 8613 is divided by 8100?
513
What is the remainder when 114742 is divided by 784?
278
Calculate the remainder when 26929 is divided by 25415.
1514
Calculate the remainder when 8880967 is divided by 240026.
5
Calculate the remainder when 4852875 is divided by 13945.
15
What is the remainder when 16858832 is divided by 73?
66
Calculate the remainder when 9419119 is divided by 40.
39
Calculate the remainder when 13213695 is divided by 64773.
3
What is the remainder when 9786432 is divided by 80?
32
Calculate the remainder when 72728569 is divided by 128.
121
What is the remainder when 3182475 is divided by 3182471?
4
Calculate the remainder when 347838 is divided by 83.
68
Calculate the remainder when 10587569 is divided by 6663.
62
What is the remainder when 3916703 is divided by 2570?
23
Calculate the remainder when 320330 is divided by 7279.
54
What is the remainder when 30695565 is divided by 1959?
1953
What is the remainder when 2919457 is divided by 132702?
13
What is the remainder when 2737583 is divided by 136879?
